(a/(-22)). What is the greatest common factor of 44 and y?
11
Let u(k) = -3*k + 1. Let c be u(-4). Suppose 13 = f + 5*g, -3*g - 11 = -2*f + 15. Calculate the highest common divisor of c and f.
13
Suppose -5*d + 320 = -5*g, 0 = 2*d - g + 34 - 167. Suppose -6*x = -3*x - d. Let n = x - 2. Calculate the highest common factor of n and 63.
21
Let q(i) = -i**3 + 18*i - 54. Let r be q(-9). Calculate the greatest common factor of r and 114.
57
Let t be (-3)/12*(-7520 - -4). Suppose -7*n - 724 = -t. Suppose 25 = 5*o - n. What is the greatest common factor of 418 and o?
38
Suppose 27 = 4*l - 5. Let t be (5 + -5)*(-1)/(-2). Suppose t = -5*h - 2*u - 0*u + 438, 4*h + u - 351 = 0. What is the greatest common divisor of l and h?
8
Let c(h) = 21*h + 192. Let m be c(-9). Suppose 8 = -2*x + 6*x. What is the highest common factor of m and x?
1
Suppose 2*f - 841 = -5*m + 267, 3*f + 3 = 0. Calculate the greatest common factor of m and 296.
74
Suppose -4*l = -2 - 18. Suppose -l*m + 20 = 0, -m = -3*g + m + 13. Let f = -139 + 195. Calculate the highest common divisor of g and f.
7
Let g(x) = 92*x**2 + 401*x - 402. Let z be g(1). Suppose 5*d + 4*o - 55 = 0, -5*d = 2*o - 27 - 18. What is the highest common factor of z and d?
7
Let r = -181 + 184. Suppose -r*l + 2 = -3*m + 119, -l = 3*m - 101. Let q = 54 - -16. Calculate the highest common factor of m and q.
35
Let v(x) = x**2 + 2*x + 1. Let b be v(-2). Let u be 32/2 - (b + -1). Let a = 22 - -58. What is the highest common divisor of a and u?
16
Suppose -5*q + 47 = 4*x, 3*x + 15*q = 14*q + 49. Calculate the highest common divisor of 48 and x.
6
Let r be (-4)/(-18) - (-2793)/189. Suppose 0*p = 3*p - r. Calculate the highest common divisor of 35 and p.
5
Let u(p) = 2 + 10*p - 3*p - 5*p - 5*p. Let n be u(-5). What is the greatest common factor of n and 17?
17
Let b = -21 - -27. Let o be 74/9 - b/27. Let l(z) = z**3 + 6*z**2 + 5*z + 4. Let f be l(-3). Calculate the greatest common factor of o and f.
8
Suppose -2*z + 30 + 96 = 0. Let x(b) = -7*b**2 - 84*b + 7. Let g be x(-12). Calculate the highest common factor of z and g.
7
Let s(r) = r**2 + 8*r + 9. Let i be s(-6). Let a = i - 7. Let w be a/(0 - 4/28). Calculate the highest common divisor of 14 and w.
14
Let r = 177 - 149. Calculate the greatest common factor of 36 and r.
4
Let s be 0 - (15/(-10))/(3/10). Suppose -s*x = x - 198. What is the greatest common factor of x and 6?
3
Let c = -1 - 0. Suppose -n + 51 = 2*y, 0*y + 30 = y + 2*n. Let o = y - c. Calculate the greatest common factor of o and 10.
5
Let a(v) be the second derivative of 17*v**4/12 + v**3/3 + v**2/2 + 8*v. Let u be a(-1). Calculate the highest common divisor of 2 and u.
2
Let r = 215 - 214. What is the highest common divisor of r and 27?
1
Let i be 9 - 6 - (-8 + 2). Let p be (-12)/8*(-2)/3. Let a be (p - 2)/((-2)/18). What is the greatest common divisor of a and i?
9
Let p(b) = -4*b + 5. Let q be p(-4). Let j(m) = -26*m + 6. Let v = 7 - 10. Let d be j(v). Calculate the highest common divisor of q and d.
21
Let o = 3 + -8. Let h(m) = m**2 + 4*m. Let z be h(o). Suppose 4*i - 81 = z*w, -i - 3*i + 79 = -3*w. Calculate the highest common factor of 38 and i.
19
Let v be ((-1592)/(-32) - 1) + (-6)/8. Calculate the highest common factor of 816 and v.
48
Let n(i) = -i**2 + 6*i + 5. Let a = 8 + 0. Let h be a/(-16) - (-11)/2. Let r be n(h). Calculate the greatest common factor of 4 and r.
2
Let l be ((50 + 9)*1*-4)/(-2). What is the greatest common divisor of 295 and l?
59
Let u be (10/15)/((-1)/(-99)). Let x = 115 - u. Let v(w) = 3*w - 5. Let y be v(4). What is the greatest common factor of y and x?
7
Let k(h) = -5*h**2 + 6*h**2 + 6 + 0*h - 4*h. Let u be k(6). Suppose 5*q + 10 = 0, 4*q - 25 = -c + 3*q. Calculate the greatest common factor of c and u.
9
Let y = -11 + 16. Suppose 0 = 2*c - 10, -3*x = -7*x - 5*c + 205. Calculate the greatest common factor of y and x.
5
Let k = -4 + 21. Suppose -3 = 3*g, 2*y - 5*g - 46 = k. What is the greatest common divisor of y and 29?
29
Let w(f) = 5*f**2 - 69. Let o be w(-17). Calculate the highest common divisor of 32 and o.
32
Suppose 4*c - 108 = -4*z, 2*z + 181*c = 185*c + 54. Calculate the greatest common divisor of z and 144.
9
Let w = 8 - 6. Suppose -i = -w*i + 132. Let h(s) = 15*s + 27. Let c be h(-1). Calculate the greatest common divisor of i and c.
12
Suppose -3*j + 18 + 0 = 0. Let z be j - (-3 + -3 + 6). Suppose z = r - 4. What is the highest common divisor of r and 110?
10
Let q be (1*20 - -2)*-2. Let t = q + 70. Let h = 67 + 167. Calculate the greatest common divisor of t and h.
26
Let l be (-6)/24*(-80)/4. Suppose -2*m + l = -39. What is the greatest common factor of m and 154?
22
Suppose -o + 1858 = 2*k, -2*k + 0*o + 1842 = 5*o. Calculate the highest common divisor of 19 and k.
19
Let h = 145 - 70. Suppose w + 32 = g, 4*g - 3*w - 130 = -w. Suppose b - g - 121 = -5*r, 14 = r - 4*b. Calculate the highest common factor of h and r.
15
Suppose 47 + 3 = 5*x. Let f be (-5 + x)/(1 + -2). Let z(s) = -s + 1. Let v be z(f). Calculate the highest common factor of v and 3.
3
Let v = 54 - 48. Suppose 3*j - v*j - h = -37, 3*j + 3*h = 39. What is the greatest common divisor of 16 and j?
4
Let h(v) = 4*v**2 + 2*v + 1. Let q be h(-1). Let t = 69 + q. Calculate the highest common divisor of t and 24.
24
Suppose -3*w = -w + 4*p - 1134, 0 = w - 4*p - 591. Calculate the greatest common factor of 50 and w.
25
Suppose r - 2*o = 39, r - 4*r - 4*o + 87 = 0. Let y = r - 23. Calculate the greatest common divisor of 10 and y.
10
Let w(k) = -k**2 + 16*k - 20. Let p be w(16). Let v = p - -22. Suppose 5*j = -5*h + 20, 0*j = j + 2*h - 5. What is the highest common factor of v and j?
1
Let b = -69 + 143. Calculate the greatest common factor of 2 and b.
2
Suppose -4*c = -2*c - 4*v - 48, -2*v + 96 = 5*c. Calculate the highest common divisor of 5 and c.
5
Suppose 4*x - 21 = 3*g + 35, -5*g - 4*x = 40. Let b be ((-128)/g)/(-4)*-3. Calculate the highest common factor of b and 2.
2
Let j = 5 - -5. Suppose -69 - 32 = -m - 21. What is the greatest common divisor of j and m?
10
Let u be 4/(-2) + 2 + 1. Suppose w = -2*w - 54. Let n be (w/24)/(3/(-20)). What is the highest common factor of u and n?
1
Let j(m) = m + 8. Let u be j(-4). Suppose 189 = u*y + 3*y. Let g = 0 - -18. Calculate the highest common divisor of g and y.
9
Let m = 62 + -58. Let l = -13 - -18. Suppose m*v = l*y + 50, -3*v + 0*y = -3*y - 36. What is the highest common divisor of v and 4?
2
Let x = -22 - -27. Suppose -x*q = -q. Suppose -4*y + 0*y + 80 = q. What is the highest common divisor of y and 180?
20
Let j(c) = -3*c + 3*c**3 - 1 - c**3 + 5*c**2 - 3*c**3 + 7*c. Let l be j(5). Calculate the highest common factor of 19 and l.
19
Let n be (-30)/((24/9)/(-4)). Let q = -26 + n. Let k(h) = 14*h - 7. Let b be k(10). Calculate the highest common divisor of b and q.
19
Let m = -42 + 45. Suppose -d = -m*d + 78. What is the greatest common divisor of d and 13?
13
Suppose -3*t = 4*t - 294. Calculate the greatest common divisor of 24 and t.
6
Suppose -2*m = -6*m + 20. Suppose m*f + 3*x = 17, 3*x = -2*f - 0*f + 14. Suppose -v + 6 = f. Calculate the greatest common divisor of v and 40.
5
Suppose -3*i + 26 = j, -j - 3*i + 1 = -5*i. Suppose -2*s + 3*p + j = -47, -3*s + 5*p = -86. What is the greatest common divisor of s and 112?
16
Suppose 0 = 5*j + 2*w - 994, 58 = 2*j + 5*w - 327. What is the highest common divisor of j and 75?
25
Let w = 86 - 74. Let z be 1/(2/(4*14)). Let i = z + 8. What is the highest common factor of w and i?
12
Let c(w) = -w**3 - w**2 - 12*w + 4. Let p be c(-3). What is the highest common factor of 58 and p?
58
Suppose 0 = 5*j - 189 + 59. What is the greatest common factor of j and 78?
26
Let j(t) = -5*t + 36. Let n be j(5). Let f = 27 + -5. Suppose -198 = -5*w + f. Calculate the greatest common factor of w and n.
11
Let b(n) = 2*n**3 - n - 2. Let o be b(2). Suppose -4 = h - o. What is the greatest common divisor of 4 and h?
4
Let a be -7*(2/8 + (-23)/28). What is the greatest common divisor of a and 28?
4
Suppose 8*y + 36 = 11*y. Suppose 4*m = -y, -478 = 2*k - 7*k - 4*m. What is the highest common divisor of k and 14?
14
Suppose 12 = -53*r + 56*r. Suppose 0*w - 3*w - 45 = 0. Let n = w - -59. Calculate the greatest common factor o